er when 13709 is divided by 43?
35
What is the remainder when 860094 is divided by 71674?
6
What is the remainder when 39305 is divided by 13099?
8
Calculate the remainder when 29995 is divided by 435.
415
Calculate the remainder when 749 is divided by 428.
321
Calculate the remainder when 33261 is divided by 189.
186
Calculate the remainder when 4636 is divided by 310.
296
Calculate the remainder when 3953 is divided by 1317.
2
What is the remainder when 23458 is divided by 51?
49
What is the remainder when 42619 is divided by 202?
199
What is the remainder when 106967 is divided by 41?
39
What is the remainder when 1062 is divided by 1026?
36
What is the remainder when 375 is divided by 343?
32
Calculate the remainder when 21533 is divided by 7049.
386
Calculate the remainder when 3604 is divided by 328.
324
What is the remainder when 19352 is divided by 9640?
72
Calculate the remainder when 5873 is divided by 54.
41
What is the remainder when 4368 is divided by 5?
3
What is the remainder when 15481 is divided by 58?
53
Calculate the remainder when 652488 is divided by 323.
28
What is the remainder when 48186 is divided by 255?
246
Calculate the remainder when 2984 is divided by 409.
121
Calculate the remainder when 7893 is divided by 11.
6
What is the remainder when 7775 is divided by 2581?
32
What is the remainder when 7045 is divided by 187?
126
What is the remainder when 4073 is divided by 414?
347
Calculate the remainder when 58487 is divided by 172.
7
Calculate the remainder when 4595 is divided by 1528.
11
Calculate the remainder when 1403038 is divided by 317.
313
Calculate the remainder when 252792 is divided by 379.
378
Calculate the remainder when 23964 is divided by 16.
12
What is the remainder when 19735 is divided by 32?
23
What is the remainder when 60799 is divided by 320?
319
What is the remainder when 41055 is divided by 3732?
3
Calculate the remainder when 1828636 is divided by 263.
260
What is the remainder when 32996 is divided by 275?
271
Calculate the remainder when 10956 is divided by 19.
12
What is the remainder when 513525 is divided by 1154?
1149
What is the remainder when 438 is divided by 51?
30
Calculate the remainder when 2354 is divided by 153.
59
Calculate the remainder when 462 is divided by 388.
74
What is the remainder when 36336 is divided by 452?
176
What is the remainder when 1587 is divided by 137?
80
What is the remainder when 12766 is divided by 6?
4
Calculate the remainder when 2440 is divided by 660.
460
Calculate the remainder when 59449 is divided by 31.
22
Calculate the remainder when 28347 is divided by 557.
497
Calculate the remainder when 2159 is divided by 115.
89
What is the remainder when 24503 is divided by 86?
79
Calculate the remainder when 3717373 is divided by 345.
343
Calculate the remainder when 2319 is divided by 1780.
539
Calculate the remainder when 157308 is divided by 78621.
66
Calculate the remainder when 2666 is divided by 138.
44
What is the remainder when 96405 is divided by 927?
924
What is the remainder when 28513 is divided by 15?
13
What is the remainder when 58448 is divided by 696?
680
Calculate the remainder when 38393 is divided by 2559.
8
What is the remainder when 84077 is divided by 182?
175
What is the remainder when 649415 is divided by 792?
767
What is the remainder when 458737 is divided by 62?
61
Calculate the remainder when 1993 is divided by 636.
85
What is the remainder when 31041 is divided by 2386?
23
What is the remainder when 5769 is divided by 10?
9
What is the remainder when 41634 is divided by 190?
24
Calculate the remainder when 962 is divided by 942.
20
Calculate the remainder when 54928 is divided by 62.
58
What is the remainder when 4148 is divided by 50?
48
What is the remainder when 7984 is divided by 13?
2
What is the remainder when 698781 is divided by 31?
10
Calculate the remainder when 178873 is divided by 159.
157
What is the remainder when 2536 is divided by 370?
316
Calculate the remainder when 12460 is divided by 19.
15
Calculate the remainder when 117889 is divided by 5.
4
Calculate the remainder when 45348 is divided by 119.
9
Calculate the remainder when 255908 is divided by 21.
2
Calculate the remainder when 45783 is divided by 2543.
9
Calculate the remainder when 518361 is divided by 204.
201
What is the remainder when 113188 is divided by 210?
208
What is the remainder when 85227 is divided by 26?
25
Calculate the remainder when 19399 is divided by 404.
7
Calculate the remainder when 91059 is divided by 8.
3
Calculate the remainder when 4267 is divided by 146.
33
What is the remainder when 33429 is divided by 11129?
42
What is the remainder when 13004 is divided by 57?
8
Calculate the remainder when 36088 is divided by 573.
562
What is the remainder when 1006 is divided by 382?
242
What is the remainder when 63684 is divided by 65?
49
Calculate the remainder when 19323 is divided by 388.
311
Calculate the remainder when 9877 is divided by 38.
35
Calculate the remainder when 2658 is divided by 2615.
43
What is the remainder when 406873 is divided by 105?
103
What is the remainder when 486907 is divided by 9?
7
Calculate the remainder when 14084 is divided by 4666.
86
Calculate the remainder when 951030 is divided by 4.
2
Calculate the remainder when 36501 is divided by 129.
123
What is the remainder when 12689 is divided by 373?
7
What is the remainder when 16366 is divided by 3264?
46
Calculate the remainder when 311 is divided by 64.
55
What is the remainder when 9437 is divided by 3126?
59
Calculate the remainder when 733027 is divided by 5.
2
Calculate the remainder when 9159747 is divided by 690.
687
What is the remainder when 7572 is divided by 1081?
5
Calculate the remainder when 197915 is divided by 868.
11
Calculate the remainder when 398718 is divided by 25.
18
What is the remainder when 5468 is divided by 1369?
1361
What is the remainder when 13440 is divided by 286?
284
What is the remainder when 72278 is divided by 40?
38
What is the remainder when 14138 is divided by 592?
522
What is the remainder when 274 is divided by 228?
46
Calculate the remainder when 512 is divided by 437.
75
What is the remainder when 9701 is divided by 1416?
1205
What is the remainder when 989758 is divided by 6?
4
Calculate the remainder when 51581 is divided by 10316.
1
What is the remainder when 4210 is divided by 379?
41
What is the remainder when 35504 is divided by 4784?
2016
What is the remainder when 952 is divided by 609?
343
What is the remainder when 302583 is divided by 60514?
13
What is the remainder when 390695 is divided by 1281?
1271
What is the remainder when 2640 is divided by 1024?
592
What is the remainder when 2288 is divided by 658?
314
What is the remainder when 15362 is divided by 68?
62
Calculate the remainder when 17045 is divided by 1784.
989
What is the remainder when 12529 is divided by 95?
84
Calculate the remainder when 505 is divided by 87.
70
What is the remainder when 1302918 is divided by 353?
348
Calculate the remainder when 702 is divided by 397.
305
Calculate the remainder when 15303 is divided by 1699.
12
Calculate the remainder when 715 is divided by 337.
41
Calculate the remainder when 676322 is divided by 165.
152
Calculate the remainder when 5182 is divided by 13.
8
What is the remainder when 3137455 is divided by 13?
9
Calculate the remainder when 2273176 is divided by 20.
16
What is the remainder when 1349 is divided by 149?
8
What is the remainder when 1077642 is divided by 3716?
2
What is the remainder when 24336 is divided by 57?
54
What is the remainder when 39539 is divided by 1730?
1479
What is the remainder when 87112 is divided by 90?
82
What is the remainder when 4041 is divided by 193?
181
What is the remainder when 46362 is divided by 2725?
37
What is the remainder when 1729 is divided by 1590?
139
Calculate the remainder when 902632 is divided by 47.
44
Calculate the remainder when 106019 is divided by 1277.
28
Calculate the remainder when 977 is divided by 494.
483
Calculate the remainder when 4910 is divided by 4891.
19
What is the remainder when 4964 is divided by 31?
4
What is the remainder when 213611 is divided by 909?
905
What is the remainder when 18828 is divided by 586?
